c) composite?
True
Let a(g) = -26*g - 1. Let q = 0 - 2. Let l be (2 - 1 - 0) + q. Is a(l) a prime number?
False
Let g(b) = 44*b - 1. Let l be 24/9 + (-6)/9. Is g(l) a prime number?
False
Let a(i) = 12*i + 10. Is a(6) prime?
False
Is (1/(-4) - 0)/(11/(-82148)) prime?
True
Let u(x) be the third derivative of -x**5/60 + x**4/6 - 2*x**3/3 - 2*x**2. Let d be u(3). Let a(b) = 11*b**2. Is a(d) composite?
False
Is -5 + 2 + -1 + 0 + 1121 prime?
True
Let l(i) = i - 1. Let u be l(2). Suppose -12 + u = -3*s + w, -4*w - 17 = -3*s. Suppose v = 3*k + 3*v - 27, 2*k - 5 = s*v. Is k composite?
False
Let g(w) = w**2 + 9*w + 6. Let j be g(-8). Let f be -31*5*2/j. Suppose h = -4*h + f. Is h a composite number?
False
Suppose 2137 = 3*r - 1646. Is r prime?
False
Suppose 4*n = -5*s + 7282, 5*s + 5479 = 2*n + n. Is n composite?
False
Let c = 0 + 1. Suppose -3*k + 8 = -3*f - c, k + 1 = 3*f. Suppose a + 0*a = f*y + 63, 5*a + 4*y = 287. Is a prime?
True
Let w(a) = -a**2 + 8*a - 1. Let m be w(8). Let d(l) be the third derivative of l**5/2 + l**3/6 + 2*l**2. Is d(m) composite?
False
Suppose 12 = -0*b + 3*b. Let k(v) = 4*v**2 + 3*v + b - v + v**2. Is k(-5) a prime number?
False
Let p(g) = 11*g**2 + g + 29. Is p(-6) a composite number?
False
Suppose 0 = -2*d + 6, -3*d = 5*z + 2*d - 100. Suppose -4*f + z - 5 = 0. Let x(c) = 12*c + 1. Is x(f) a prime number?
True
Suppose 3*w = 2325 + 1758. Is w a composite number?
False
Let w = 196 - 51. Is w composite?
True
Let j = -6 + 9. Is -5 + j + 3 + 122 prime?
False
Suppose 5*v - 45 = w, 0*v = -5*v - 5*w + 15. Is (-31 - 3)/(v/(-12)) prime?
False
Let l be (-2410)/(-8) + (-3)/12. Suppose -5*c = 4*d - 618, -3*d + 4*c + l = -178. Is d a composite number?
False
Suppose -59*a + 42 = -57*a. Is a a composite number?
True
Suppose 5*c = 5*v - 135, 2*c - 99 = -3*v - 33. Suppose 4*z + l - 16 = 0, -2*l = -4*z - l + v. Suppose -z*q + i = -64, -30 = -3*q + q - 4*i. Is q a prime number?
True
Suppose 431 = -3*n + 5*y + 2278, 5*n = 4*y + 3087. Is n composite?
False
Suppose -2*c = -c + 3*n + 1503, -3*n + 7515 = -5*c. Is 1/(c/753 + 2) a prime number?
True
Suppose w = 4 - 2. Suppose -23 = w*r - 5. Is ((-14)/(-6))/((-1)/r) prime?
False
Suppose -2*l + 4*m = -1330, 5*l - 6*m = -9*m + 3338. Is l prime?
False
Let o be (6/(-3) - 1) + -80. Let j = o - -180. Is j a composite number?
False
Suppose -2*c + 26 + 5440 = 0. Is c prime?
False
Let j be (10 + -1)*(-2)/(-6). Suppose 4*r = 2*i + 462, -j*r + 234 = -r - 4*i. Is r prime?
False
Let q = 524 + 17. Is q composite?
False
Let v be (-1)/4 - (-2)/8. Let j be (-1)/2*v - -2. Suppose j*g - u - 61 = -2*u, -2*g = 4*u - 46. Is g prime?
False
Suppose z - 4*j + 6*j = 1745, 7015 = 4*z + j. Suppose -5*l + 1159 = 2*r, 0*l = 3*r + 2*l - z. Is r a composite number?
False
Let r(b) = 2*b - 11. Let y be r(8). Let c(l) = 2 + y*l - 10*l - 6*l. Is c(-3) a prime number?
False
Suppose h = -2*g + 587, 5*g - 4*h = 391 + 1057. Let v = 561 - g. Is v a composite number?
False
Suppose -1616 = -2*r - 2*t, -4*r + 2*r + 2*t = -1608. Suppose -r - 2 = -4*z. Suppose 0*a + z = 4*f - 5*a, a + 51 = f. Is f prime?
True
Let a = -1 + 162. Is a prime?
False
Let q = -320 + 641. Is q composite?
True
Is (21/12)/((-1)/(-556)) prime?
False
Let g(w) = -w**3 - 5*w**2 - 7*w + 2. Let i be (-4)/((-8)/(-10))*1. Is g(i) composite?
False
Let k(j) be the first derivative of 41*j**2/2 - 3*j - 1. Let u(o) = 21*o - 2. Let y(s) = 3*k(s) - 5*u(s). Is y(1) a composite number?
False
Let q be -3 + 3 + 16/1. Suppose 3*u = -134 - q. Let d = 1 - u. Is d a composite number?
True
Let u(l) be the first derivative of 15*l**4/4 + 2*l**3/3 - l**2/2 + l + 4. Is u(2) a composite number?
False
Let r = -549 + 2086. Is r a prime number?
False
Let l be (-2)/1 + (-2 - -4). Let t(n) = -3*n**3 - 5*n + 2*n + n**2 + 3 + l*n. Is t(-4) a composite number?
False
Suppose -z + 130 = t - 0*t, -4*z = 5*t - 647. Is t a prime number?
True
Let x = -139 + 34. Let r = -59 + -9. Let w = r - x. Is w composite?
False
Let i(h) = h**3 + 8*h**2 - 3*h - 5. Let s be (-1)/(-3) + (-42)/(-9). Suppose 3*t + 7 + s = -4*b, -18 = b - 3*t. Is i(b) composite?
True
Suppose -56*u - 16015 = -61*u. Is u prime?
True
Suppose 2*f - 821 = -p + 4*p, -3*f + 1230 = -3*p. Is f composite?
False
Suppose 6*f + 24301 = 11*f + i, -2*f + 9738 = -4*i. Is f a prime number?
True
Let r = -18 - -18. Suppose -4*j + 20 = r, 264 = 4*w - 3*j - 301. Is w a composite number?
True
Let r(g) = g**2 - 4*g + 10. Let v be (-51)/(-7) - 4/14. Is r(v) prime?
True
Suppose 2*i = -3*i + 4*t - 4, -5 = -3*i - 5*t. Let k(c) = c**3 + c + 53. Is k(i) a prime number?
True
Let p be (52 + -8)*(-162)/(-4). Is p/8 + (-2)/(-8) prime?
True
Suppose 4*i + 16 = 0, -3*i - i = -y + 25. Let m(o) = o**3 - 8*o**2 + 8. Is m(y) composite?
False
Let h = 240 + -95. Is h a prime number?
False
Let x be 0 + 2 + 34/(-1). Let h = x - -60. Is (h/8)/((-1)/(-2)) prime?
True
Let r(m) = -2*m - 12. Let t(q) = 2*q + 13. Let c(i) = -4*r(i) - 5*t(i). Is c(-12) a composite number?
False
Suppose -478 = 5*u - 7*u. Is u a prime number?
True
Let p = 306 - 95. Is p a prime number?
True
Let o(r) = -6*r**3 - r**2 - 4. Let p = 5 + -8. Is o(p) a composite number?
False
Let q = 606 - 349. Is q a prime number?
True
Let u = 4 - 2. Suppose q = -u*q - 2832. Is q/(-20) + 1/(-5) composite?
False
Suppose 5*p - 2*l = 1052, 197 = 5*p - l - 854. Is 1/(-3) + p/9 a prime number?
True
Let r(x) = -10*x + 9. Let s be r(-9). Suppose i + 4*w = s, -2*i - 2*w + 55 = -119. Let h = -52 + i. Is h a composite number?
False
Suppose k + k - 22 = 0. Suppose -3*c + k = -19. Is (-14)/(-35) + 1626/c a prime number?
True
Suppose 2*y - 7*y + 1 = 3*i, -2*i + 4*y = -8. Let s(f) = 3*f**2 + f. Let q be s(1). Suppose -106 = -2*p - i*k, -4*p = 2*k - q*k - 224. Is p a composite number?
True
Let u(p) = -p + 5. Let s be u(11). Is 668/9 - s/(-27) a composite number?
True
Suppose u = -4*s - 2314, 3*s + 2*u + 1738 = -0*u. Let y = s + 837. Is y a composite number?
True
Let t = 202 - -9. Is t a prime number?
True
Let q be ((-11)/2)/(7/(-14)). Suppose q = -2*s + 5*a, -3*s + 4*a = 15 - 2. Is ((-2)/s)/((-6)/(-477)) a prime number?
True
Let s(v) = -11*v - 10 + v - 5*v**2 + 4*v**2. Let b be s(-7). Is b/(-2)*2/(-1) composite?
False
Let b(f) = -f + 3. Let t = 7 + -4. Let z be b(t). Suppose 5*n - 165 + 40 = -2*q, z = -n - 4*q + 43. Is n a prime number?
True
Suppose m = 2*m - 88. Let u be 602/(-70) + 2/(-5). Let j = u + m. Is j a composite number?
False
Let y be (-3)/(-8 + -1)*9. Let j = 88 - -387. Suppose 2*m - j = -y*m. Is m composite?
True
Is (-4 + 1)*(-4629)/9 a composite number?
False
Suppose -3*p - 4 = -1, 0 = 3*x - p - 4. Let v be ((-90)/x)/(4/(-10)). Suppose -91 + v = 2*m. Is m a prime number?
True
Suppose 90 = 2*c + 12. Let x be 12/7 - 4/(-14). Is x*2/4*c a composite number?
True
Suppose j + 3*j = -12. Let n be 1 + j - 165/(-1). Suppose 5*x = -4*t + 6*t + n, 0 = 2*x - 5*t - 61. Is x composite?
True
Let d be (22/(-5))/(2/(-40)). Let o = -50 + d. Suppose t - 3*g = o, 2*g - 134 - 4 = -4*t. Is t a composite number?
True
Let k = 16 + -14. Let w(c) = 172*c - 3. Is w(k) a prime number?
False
Suppose 5 - 2 = 3*y - j, j = 3. Let p be (-4)/(-2*(y + -1)). Suppose -60 = -p*v + 70. Is v composite?
True
Suppose -r + 25 = 4*r. Is 194/2*1*r prime?
False
Let x = -69 + -12. Let o = 208 + x. Is o composite?
False
Suppose 0 = 2*d, 4*d = 4*n - d + 508. Suppose -3*a - 1104 = -7*a. Let g = n + a. Is g a prime number?
True
Suppose 0*m - 2*m - 2*g + 10 = 0, -3*m = -4*g + 20. Suppose 0*w - 3*w = -y + 48, 2*y + w - 117 = m. Is y a composite number?
True
Let j(d) = 13*d + 74. Is j(15) a prime number?
True
Suppose a = k + k, -16 = 2*k - 5*a. Let o(r) = 4 + 7*r**k + 0*r**2 - 2. Is o(-3) composite?
True
Suppose i - 1020 = -3*i - 4*l, -5*l = -3*i + 749. Is i composite?
True
Let o(s) be the third derivative of -2/3*s**3 + 0*s + 3*s**2 - 1/60*s**5 + 0 - 1/3*s**4. Is o(-5) prime?
True
Let y = -46 + 141. Suppose 131 = g - 2*a + 36, -5*a = g - y. Is g a prime number?
False
Let k(c) = 5*c**3 + c**2 + c + 9. Let s(m) = 4*m**3 + m**2 + m + 8. Let u(d) = -5*k(d) + 6*s(d). Let x be u(0). Suppose 0*a - 147 = -x*a. Is a prime?
False
Let w(x) = 11*x - 3. Let p be (-1 + (-1)/(-2))*-4. Is w(p) a prime number?
True
Suppose -4 = -2*c - 8. Is (c + 8 - 3) + 34 prime?
True
Suppose -6*b = -7*b + 498. Suppose